{"id":5567,"date":"2023-06-29T09:20:31","date_gmt":"2023-06-29T12:20:31","guid":{"rendered":"https:\/\/www.modeloshostnet.com\/bessshop\/?post_type=product&#038;p=5567"},"modified":"2023-08-07T12:04:29","modified_gmt":"2023-08-07T15:04:29","slug":"switch-adorne-asth155rmw1-wifi-branco","status":"publish","type":"product","link":"https:\/\/www.modeloshostnet.com\/bessshop\/produto\/switch-adorne-asth155rmw1-wifi-branco\/","title":{"rendered":"SWITCH ADORNE ASTH15\u2026"},"content":{"rendered":"<h4>Especificaciones<\/h4>\n<p>L\u00ednea de productos: Pass &amp; Seymour<br \/>\nN\u00famero de interruptores: 1<br \/>\nSector de aplicaci\u00f3n: residencial<br \/>\nEst\u00e1ndar: UL 508, FCC cULus, RoHS<br \/>\nCumple con RoHS: S\u00ed<br \/>\nListado cULus: S\u00ed<br \/>\nN\u00famero de bandas: 1<br \/>\nN\u00famero de postes: Polo \u00fanico, 3 v\u00edas, ubicaci\u00f3n m\u00faltiple<br \/>\nPotencia: 1800W<br \/>\nTipo de montaje: Caja<br \/>\nTensi\u00f3n de alimentaci\u00f3n: 120V<br \/>\nVoltaje: 120V<br \/>\nTipo de conexi\u00f3n: Placas de presi\u00f3n internas<br \/>\nCondiciones ambientales: 0 a 80 (humedad relativa, sin condensaci\u00f3n)<\/p>\n<h4>V\u00eddeo<\/h4>\n<p><a href=\"https:\/\/youtu.be\/faKV2kZsH6E\">https:\/\/www.youtube.com\/watch?v=faKV2kZsH6E<\/a><\/p>\n","protected":false},"excerpt":{"rendered":"<p>La tecnolog\u00eda t\u00e1ctil intuitiva se combina con Wi-Fi-Readiness en esta elegante opci\u00f3n de control de iluminaci\u00f3n. El interruptor maestro Touch Wi-Fi Ready es un interruptor de luz programable que se empareja con el Adorn Hub para crear un sistema de control de iluminaci\u00f3n Wi-Fi inteligente para su hogar.<br \/>\n-Se instala en 25 minutos o menos coloc\u00e1ndolo en una caja el\u00e9ctrica existente y conect\u00e1ndolo directamente a la luz.<br \/>\n-Combine con un interruptor remoto Touch Wi-Fi Ready para control de 3 v\u00edas.<br \/>\n-Compatible con dispositivos iOS y Android para control basado en aplicaciones, simplemente descargue la aplicaci\u00f3n gratuita Legrand Lighting Control.<br \/>\n-Tambi\u00e9n compatible con Amazon Alexa y Google Home, e incluso se integra con sistemas avanzados de dom\u00f3tica.<br \/>\n-Este dispositivo, que forma parte del sistema de control de iluminaci\u00f3n Wi-Fi de Adorn, requiere el Adorn Hub para funcionar.<br \/>\n-M\u00e1s opciones de color disponibles para adaptarse a cualquier estilo, incluidos acabados para combinar con las tendencias actuales de hardware e iluminaci\u00f3n.<br \/>\n-Complete el estilo con una impresionante placa de pared adorne\u00ae sin tornillos, no incluida. Disponible en una variedad de colores y acabados contempor\u00e1neos. Coordine con otros interruptores y enchufes de dise\u00f1ador.<\/p>\n","protected":false},"featured_media":5568,"comment_status":"closed","ping_status":"closed","template":"","meta":{"site-sidebar-layout":"default","site-content-layout":"default","ast-site-content-layout":"default","site-content-style":"default","site-sidebar-style":"default","ast-global-header-display":"","ast-banner-title-visibility":"","ast-main-header-display":"","ast-hfb-above-header-display":"","ast-hfb-below-header-display":"","ast-hfb-mobile-header-display":"","site-post-title":"","ast-breadcrumbs-content":"","ast-featured-img":"","footer-sml-layout":"","ast-disable-related-posts":"","theme-transparent-header-meta":"default","adv-header-id-meta":"","stick-header-meta":"","header-above-stick-meta":"","header-main-stick-meta":"","header-below-stick-meta":"","astra-migrate-meta-layouts":"default","ast-page-background-enabled":"default","ast-page-background-meta":{"desktop":{"background-color":"","background-image":"","background-repeat":"repeat","background-position":"center center","background-size":"auto","background-attachment":"scroll","background-type":"","background-media":"","overlay-type":"","overlay-color":"","overlay-opacity":"","overlay-gradient":""},"tablet":{"background-color":"","background-image":"","background-repeat":"repeat","background-position":"center center","background-size":"auto","background-attachment":"scroll","background-type":"","background-media":"","overlay-type":"","overlay-color":"","overlay-opacity":"","overlay-gradient":""},"mobile":{"background-color":"","background-image":"","background-repeat":"repeat","background-position":"center center","background-size":"auto","background-attachment":"scroll","background-type":"","background-media":"","overlay-type":"","overlay-color":"","overlay-opacity":"","overlay-gradient":""}},"ast-content-background-meta":{"desktop":{"background-color":"var(--ast-global-color-5)","background-image":"","background-repeat":"repeat","background-position":"center center","background-size":"auto","background-attachment":"scroll","background-type":"","background-media":"","overlay-type":"","overlay-color":"","overlay-opacity":"","overlay-gradient":""},"tablet":{"background-color":"var(--ast-global-color-5)","background-image":"","background-repeat":"repeat","background-position":"center center","background-size":"auto","background-attachment":"scroll","background-type":"","background-media":"","overlay-type":"","overlay-color":"","overlay-opacity":"","overlay-gradient":""},"mobile":{"background-color":"var(--ast-global-color-5)","background-image":"","background-repeat":"repeat","background-position":"center center","background-size":"auto","background-attachment":"scroll","background-type":"","background-media":"","overlay-type":"","overlay-color":"","overlay-opacity":"","overlay-gradient":""}}},"product_brand":[],"product_cat":[15],"product_tag":[],"class_list":{"0":"post-5567","1":"product","2":"type-product","3":"status-publish","4":"has-post-thumbnail","6":"product_cat-sem-categoria","7":"desktop-align-center","8":"tablet-align-center","9":"mobile-align-center","10":"ast-product-gallery-layout-horizontal","11":"ast-product-gallery-with-no-image","12":"ast-product-tabs-layout-horizontal","14":"first","15":"instock","16":"taxable","17":"shipping-taxable","18":"purchasable","19":"product-type-simple"},"_links":{"self":[{"href":"https:\/\/www.modeloshostnet.com\/bessshop\/wp-json\/wp\/v2\/product\/5567","targetHints":{"allow":["GET"]}}],"collection":[{"href":"https:\/\/www.modeloshostnet.com\/bessshop\/wp-json\/wp\/v2\/product"}],"about":[{"href":"https:\/\/www.modeloshostnet.com\/bessshop\/wp-json\/wp\/v2\/types\/product"}],"replies":[{"embeddable":true,"href":"https:\/\/www.modeloshostnet.com\/bessshop\/wp-json\/wp\/v2\/comments?post=5567"}],"wp:featuredmedia":[{"embeddable":true,"href":"https:\/\/www.modeloshostnet.com\/bessshop\/wp-json\/wp\/v2\/media\/5568"}],"wp:attachment":[{"href":"https:\/\/www.modeloshostnet.com\/bessshop\/wp-json\/wp\/v2\/media?parent=5567"}],"wp:term":[{"taxonomy":"product_brand","embeddable":true,"href":"https:\/\/www.modeloshostnet.com\/bessshop\/wp-json\/wp\/v2\/product_brand?post=5567"},{"taxonomy":"product_cat","embeddable":true,"href":"https:\/\/www.modeloshostnet.com\/bessshop\/wp-json\/wp\/v2\/product_cat?post=5567"},{"taxonomy":"product_tag","embeddable":true,"href":"https:\/\/www.modeloshostnet.com\/bessshop\/wp-json\/wp\/v2\/product_tag?post=5567"}],"curies":[{"name":"wp","href":"https:\/\/api.w.org\/{rel}","templated":true}]}}