{"id":5550,"date":"2023-06-28T16:22:52","date_gmt":"2023-06-28T19:22:52","guid":{"rendered":"https:\/\/www.modeloshostnet.com\/bessshop\/?post_type=product&#038;p=5550"},"modified":"2023-08-07T12:04:10","modified_gmt":"2023-08-07T15:04:10","slug":"doorbell-aeon-labs-aeozw056-us","status":"publish","type":"product","link":"https:\/\/www.modeloshostnet.com\/bessshop\/produto\/doorbell-aeon-labs-aeozw056-us\/","title":{"rendered":"DOORBELL AEON LABS A\u2026"},"content":{"rendered":"<h4>Especificaciones<\/h4>\n<p>Frecuencia: 908,42 MHz<br \/>\nPotencia de alarma: 2,5 W<br \/>\nVolumen m\u00e1ximo: 80dB<br \/>\nTemperatura de funcionamiento: 14 \u00b0F (-10 \u00b0C) a 113 \u00b0F (45 \u00b0C) para timbre, -4 \u00b0F (-20 \u00b0C) a 131 \u00b0F (55 \u00b0C) para bot\u00f3n inal\u00e1mbrico<br \/>\nTemperatura de almacenamiento: -4 \u00b0F (-20 \u00b0C) a 158 \u00b0F (70 \u00b0C)<br \/>\nPeso: 0,55 libras<\/p>\n<h4>V\u00eddeo<\/h4>\n<p><a href=\"https:\/\/www.youtube.com\/watch?v=elySKX42iAU\">https:\/\/www.youtube.com\/watch?v=elySKX42iAU<\/a><\/p>\n","protected":false},"excerpt":{"rendered":"<p>El timbre Aeon Labs ZW056 admite la reproducci\u00f3n de archivos de m\u00fasica MP3 con un toque de este timbre. Tiene una memoria flash de 16 MB que puede almacenar hasta 100 tonos de llamada. El volumen se puede ajustar manualmente presionando brevemente el bot\u00f3n de volumen, tambi\u00e9n puede cambiar el sonido del timbre al siguiente presionando prolongadamente el bot\u00f3n de volumen. Puede cambiar\/actualizar el tono de llamada de su Timbre en cualquier momento conectando su Timbre a su PC para actualizar la banda sonora en la memoria flash de su Timbre.<br \/>\nEl Timbre ZW056 es un producto de control inal\u00e1mbrico Z-Wave Plus. Hay un peque\u00f1o bot\u00f3n inal\u00e1mbrico, que puede activar el timbre en el otro lado de la pared para reproducir la m\u00fasica de timbre seleccionada cuando se presiona.<br \/>\nEste bot\u00f3n inal\u00e1mbrico tiene una carcasa resistente al agua para que pueda usarse en muchas condiciones clim\u00e1ticas. La distancia de control inal\u00e1mbrico es de unos 100 metros en exteriores, y tiene una duraci\u00f3n de bater\u00eda de 2 a\u00f1os que permite al menos 10 pulsaciones de timbre al d\u00eda.<\/p>\n","protected":false},"featured_media":5551,"comment_status":"closed","ping_status":"closed","template":"","meta":{"site-sidebar-layout":"default","site-content-layout":"default","ast-site-content-layout":"default","site-content-style":"default","site-sidebar-style":"default","ast-global-header-display":"","ast-banner-title-visibility":"","ast-main-header-display":"","ast-hfb-above-header-display":"","ast-hfb-below-header-display":"","ast-hfb-mobile-header-display":"","site-post-title":"","ast-breadcrumbs-content":"","ast-featured-img":"","footer-sml-layout":"","ast-disable-related-posts":"","theme-transparent-header-meta":"default","adv-header-id-meta":"","stick-header-meta":"","header-above-stick-meta":"","header-main-stick-meta":"","header-below-stick-meta":"","astra-migrate-meta-layouts":"default","ast-page-background-enabled":"default","ast-page-background-meta":{"desktop":{"background-color":"","background-image":"","background-repeat":"repeat","background-position":"center center","background-size":"auto","background-attachment":"scroll","background-type":"","background-media":"","overlay-type":"","overlay-color":"","overlay-opacity":"","overlay-gradient":""},"tablet":{"background-color":"","background-image":"","background-repeat":"repeat","background-position":"center center","background-size":"auto","background-attachment":"scroll","background-type":"","background-media":"","overlay-type":"","overlay-color":"","overlay-opacity":"","overlay-gradient":""},"mobile":{"background-color":"","background-image":"","background-repeat":"repeat","background-position":"center center","background-size":"auto","background-attachment":"scroll","background-type":"","background-media":"","overlay-type":"","overlay-color":"","overlay-opacity":"","overlay-gradient":""}},"ast-content-background-meta":{"desktop":{"background-color":"var(--ast-global-color-5)","background-image":"","background-repeat":"repeat","background-position":"center center","background-size":"auto","background-attachment":"scroll","background-type":"","background-media":"","overlay-type":"","overlay-color":"","overlay-opacity":"","overlay-gradient":""},"tablet":{"background-color":"var(--ast-global-color-5)","background-image":"","background-repeat":"repeat","background-position":"center center","background-size":"auto","background-attachment":"scroll","background-type":"","background-media":"","overlay-type":"","overlay-color":"","overlay-opacity":"","overlay-gradient":""},"mobile":{"background-color":"var(--ast-global-color-5)","background-image":"","background-repeat":"repeat","background-position":"center center","background-size":"auto","background-attachment":"scroll","background-type":"","background-media":"","overlay-type":"","overlay-color":"","overlay-opacity":"","overlay-gradient":""}}},"product_brand":[],"product_cat":[15],"product_tag":[],"class_list":{"0":"post-5550","1":"product","2":"type-product","3":"status-publish","4":"has-post-thumbnail","6":"product_cat-sem-categoria","7":"desktop-align-center","8":"tablet-align-center","9":"mobile-align-center","10":"ast-product-gallery-layout-horizontal","11":"ast-product-gallery-with-no-image","12":"ast-product-tabs-layout-horizontal","14":"first","15":"instock","16":"taxable","17":"shipping-taxable","18":"purchasable","19":"product-type-simple"},"_links":{"self":[{"href":"https:\/\/www.modeloshostnet.com\/bessshop\/wp-json\/wp\/v2\/product\/5550","targetHints":{"allow":["GET"]}}],"collection":[{"href":"https:\/\/www.modeloshostnet.com\/bessshop\/wp-json\/wp\/v2\/product"}],"about":[{"href":"https:\/\/www.modeloshostnet.com\/bessshop\/wp-json\/wp\/v2\/types\/product"}],"replies":[{"embeddable":true,"href":"https:\/\/www.modeloshostnet.com\/bessshop\/wp-json\/wp\/v2\/comments?post=5550"}],"wp:featuredmedia":[{"embeddable":true,"href":"https:\/\/www.modeloshostnet.com\/bessshop\/wp-json\/wp\/v2\/media\/5551"}],"wp:attachment":[{"href":"https:\/\/www.modeloshostnet.com\/bessshop\/wp-json\/wp\/v2\/media?parent=5550"}],"wp:term":[{"taxonomy":"product_brand","embeddable":true,"href":"https:\/\/www.modeloshostnet.com\/bessshop\/wp-json\/wp\/v2\/product_brand?post=5550"},{"taxonomy":"product_cat","embeddable":true,"href":"https:\/\/www.modeloshostnet.com\/bessshop\/wp-json\/wp\/v2\/product_cat?post=5550"},{"taxonomy":"product_tag","embeddable":true,"href":"https:\/\/www.modeloshostnet.com\/bessshop\/wp-json\/wp\/v2\/product_tag?post=5550"}],"curies":[{"name":"wp","href":"https:\/\/api.w.org\/{rel}","templated":true}]}}